
Suppose 4*r = -r - 540. Let t = 194 + r. List the prime factors of t.
2, 43
Suppose 6*f - 1688 = 1216. List the prime factors of f.
2, 11
What are the prime factors of 5604 - (-18)/(-24)*-8?
2, 3, 5, 11, 17
Let h(n) = n**3 - 5*n**2 - 9*n + 13. Let w be h(8). Let z = w + -90. List the prime factors of z.
43
Suppose -74*v + 18170 = -69*v. What are the prime factors of v?
2, 23, 79
Let j = 141 - 127. What are the prime factors of j?
2, 7
Suppose -2*m = -4 - 0, -s + 3*m + 1991 = 0. What are the prime factors of s?
1997
Let p = -18 - -69. Let n = -36 + p. List the prime factors of n.
3, 5
List the prime factors of 407 + 1 + 127/127.
409
Suppose -2*r - 5 = -v, 0 = 2*r - 4*v + 2. List the prime factors of 3/(-3) + 59 + r.
5, 11
Let m(l) = 10*l + 35. Let g = -35 - -46. List the prime factors of m(g).
5, 29
Suppose -2*c = -4*s + 742, -549 = -3*s - 3*c + 7*c. Let v = -112 + s. List the prime factors of v.
3, 5
Suppose -3*j = 4*w - 5, 3*w + 5*j - 5 = -4. Let i(h) = 17*h**3 + 4*h**2 - 5. List the prime factors of i(w).
3, 7
Let s(x) = -x**3 + 4*x**2 - 2. Suppose 15 = 7*k - 4*k, 5*c = -3*k + 25. Let p be s(c). What are the prime factors of 10*(-1 - (-15)/p)?
3, 5
Suppose 0 = -m - 3*o + 1117, -3*m - 7*o + 2*o = -3351. What are the prime factors of m?
1117
Let k be (27 - 1)/(5 - 3). Let a = -10 - -14. Suppose i = k - a. What are the prime factors of i?
3
List the prime factors of (72/20)/(7*12/43470).
3, 23
Suppose -186*j - 554 = -187*j. List the prime factors of j.
2, 277
Let o be (-2 - -3) + (2 - 3). Suppose 3*r - 3*h = o, -4*h + 16 = -0*h. Suppose -r*s = -2*q + 60, -5*q - 4*s + 136 = -0*s. List the prime factors of q.
2, 7
Let h(a) = -17*a - 12. List the prime factors of h(-12).
2, 3
Suppose 24*n = 20*n + 2136. Suppose n = -7*d + 1682. What are the prime factors of d?
2, 41
Let z(i) = -570*i**3 + 2*i**2 + i. What are the prime factors of z(-1)?
571
Suppose 0 = 4*o - p - 357 - 188, 5*o + 4*p = 655. What are the prime factors of o?
3, 5
Let o(h) = 147*h**2 + 15*h - 3. List the prime factors of o(2).
3, 5, 41
Suppose -22 = -4*c - 6. Suppose c*q = -q. What are the prime factors of -6*(q - (-6)/(-9))?
2
Let p be (435 - 1)*(-6 - (-4 - 3)). Suppose 0 = 5*h - p - 221. List the prime factors of h.
131
Suppose -117*o + 111*o = -60. List the prime factors of o.
2, 5
Suppose 3*c - 17 = 6*c + 4*p, 0 = -4*c - 3*p - 11. Let t(s) = 4*s - 1. Let f be t(c). Suppose -2*b + 30 = f*b. List the prime factors of b.
2, 3
Suppose 0 = 3*n - 6, 4*m = -4*n + 9115 - 2555. List the prime factors of m.
2, 3, 7, 13
Let g = 57 + -52. Suppose 0 = -0*l + l - g, -5*l - 3 = -4*v. List the prime factors of v.
7
Let a = 516 - 366. What are the prime factors of a?
2, 3, 5
Let c(i) = 69*i - 321. List the prime factors of c(53).
2, 3, 139
Let r = 223 - 61. List the prime factors of r.
2, 3
Let d = -374 - -751. Suppose -3*u - 17 + d = 0. List the prime factors of u.
2, 3, 5
Suppose -2*x = -2*o + 1668, -x = o - 3*x - 832. What are the prime factors of o?
2, 11, 19
Let r = 3854 + -1629. What are the prime factors of r?
5, 89
Suppose 2*f + 5*w + 10 = -f, 3*f = -w + 10. Suppose f = 2*j - 23. Suppose m - 2*m = -j. List the prime factors of m.
2, 7
Suppose -5*f - 520 = -u, 3*u - 1574 = -4*f + 5*f. Let s be u/28 - 2/(-8). Let v = 21 - s. List the prime factors of v.
2
Suppose 3*v + 59 = -5*n - 38, 3*n + 6 = 0. Let o = -24 - v. Suppose 5*k = -d + 48, -o*d + 3*d + 44 = -3*k. List the prime factors of d.
2, 7
Suppose 5*v = -0 + 10. Suppose -v*d - 3*d + 5*z = 210, -3*d - z - 114 = 0. Let b = 86 + d. List the prime factors of b.
47
Let p(l) = -4 - 3*l + 13*l**3 + 4*l - 2*l + 45*l**2 - 41*l**2. List the prime factors of p(2).
2, 3, 19
Let r(b) = 170*b - 44. What are the prime factors of r(3)?
2, 233
Let r(s) = -s**2 - 7*s - 10. Let c be r(-5). Suppose -4*o + 12 = -c*o. Suppose -2*b - 1 + 47 = -3*h, -5*h = -o*b + 67. List the prime factors of b.
29
Suppose -y + 2*n = -358, 6*y = 11*y + 4*n - 1734. Suppose -415 = -5*l + y. What are the prime factors of l?
3, 17
Let h be 9/12 + 90/8. Suppose -h = -2*m - 2*m. Suppose 3 = -m*t + 4*j - 3, -t + j = 1. List the prime factors of t.
2
Let s be (1 + -10)*(-1638)/(-54). Let u = s + 457. What are the prime factors of u?
2, 23
What are the prime factors of ((-20)/(1100/3993))/((-1)/10)?
2, 3, 11
Let v = -8 + 9. What are the prime factors of 0/v + 76/2?
2, 19
Let u = 1356 - 801. What are the prime factors of u?
3, 5, 37
Let j(b) = b**2 + 2*b + 10. Let w be j(-6). Suppose -w = -t - 18. Let l = t + 9. What are the prime factors of l?
5
Let v(z) = -z**3 + 11*z**2 + 4*z - 2. Let x be 7 + -8 + 12*1. List the prime factors of v(x).
2, 3, 7
Suppose -3*v - 2*w = -5794, 3*v - 4066 = -5*w + 1725. List the prime factors of v.
2, 3, 7, 23
Suppose 5*f + 28 = r, 4*f + 44 = -r + 3*r. List the prime factors of r.
2, 3
Let q = 6 + 2. Suppose 0 = 3*b - 4*x + q, x + 5 - 1 = 0. List the prime factors of b/6*(-60)/8.
2, 5
Let o = 20 - 16. Suppose 11 + 73 = -o*i. Let j = 1 - i. List the prime factors of j.
2, 11
Suppose 5*q - 723 = 652. Suppose -q = -7*l + 278. What are the prime factors of l?
79
Let g(h) = -h**2 + 2*h + 2. Let x be g(-2). Let t(u) be the second derivative of -u**3/2 - 13*u**2/2 - 2*u + 24. What are the prime factors of t(x)?
5
Let u(x) = 2*x - 34. Let g be u(15). Let a(f) = 6*f**2 - f - 1. What are the prime factors of a(g)?
3, 11
Let a = -17 + 19. Let u(s) = s**3 + 0*s**a + s**3 - 4*s**2 + 1 + 2*s + s**2. What are the prime factors of u(3)?
2, 17
Suppose 0 = -63*c + 71*c - 7928. List the prime factors of c.
991
Let z = -31 - -33. Suppose y + z - 242 = 0. List the prime factors of y.
2, 3, 5
Let f be (-1)/(-2) + (-9)/(-6). Let j(i) = i - 15. Let h(s) = 7. Let r(g) = f*j(g) + 5*h(g). List the prime factors of r(6).
17
Let x = -6 - -15. Suppose -5*a - x = 11. What are the prime factors of (2/a)/((-3)/78)?
13
Suppose 2*o + q = 82, -2*q + 4*q = -o + 44. List the prime factors of o.
2, 5
Let y(s) = s**2 - 51*s - 26. List the prime factors of y(-11).
2, 41
Suppose 148 = -2*r + 3*f, 2*r - f = 7*r + 370. Let d = r + 129. List the prime factors of d.
5, 11
Let s(b) = -b**3 + 12*b**2 + 3*b + 15. Let m be s(9). Suppose 29*u + m = 32*u. List the prime factors of u.
5, 19
Suppose -4*y + 150 = 2*y. Suppose -4*k + 119 = -y. What are the prime factors of k?
2, 3
Let b(c) = 6*c**3 - 17*c**2 - 37*c - 6. What are the prime factors of b(10)?
2, 3, 109
Suppose -7*m + 4424 = -0*m. Suppose 3*p + 5*p = m. List the prime factors of p.
79
Let f(t) = -t**2 - 2*t + 1. Let m be f(6). Let y be m/4 + 45/60. Let l = y - -72. List the prime factors of l.
61
Let i = -142 + 218. Suppose 4*n + 24 - 36 = 0. Suppose -n*o + i = 13. What are the prime factors of o?
3, 7
Let g(d) = -d**2 + 11*d - 13. Let f be g(5). Let c = -4 + 7. Suppose -130 = -c*u + f. List the prime factors of u.
7
Let b = 2 - 0. Let a be b + 0 + (33 - 1). Let j = 0 + a. List the prime factors of j.
2, 17
Suppose 3*x - q - 2*q = 18, 2*x = 3*q + 13. Suppose -4*y - 13*w = -15*w - 480, 0 = x*y + 3*w - 578. What are the prime factors of y?
2, 59
Suppose 19 = 4*q - 1. Let c be -6 + (-2 + 4)*-1. Let h = q - c. List the prime factors of h.
13
Suppose b - 17 = -3*s, s = -2*b - 3*s + 26. Let k = -4 + 15. Let r = k - b. What are the prime factors of r?
2, 3
Let y(n) = -1. Let a(d) = -7*d - 14. Let k(q) = -a(q) + 5*y(q). Let g be k(-5). Let l = g - -44. List the prime factors of l.
2, 3
Let v = -16 - 4. Let o = 1 + 57. Let i = v + o. List the prime factors of i.
2, 19
Let h = -48 + 52. Suppose -108 = -5*v + q + 849, -h*q + 396 = 2*v. List the prime factors of v.
2, 3
Let g be (-18)/(-45) + (-456)/(-10). Let f(m) = -7 + 25*m + 28*m - g*m. List the prime factors of f(4).
3, 7
Let h(f) = -3*f - 12. Let i(g) be the third derivative of -g**6/120 + g**5/10 - g**4/24 - g**3/6 - 2*g**2. Let q be i(6). What are the prime factors of h(q)?
3
Suppose 0 = 4*c - y - 2196 + 67, 2*y = -c + 530. List the prime factors of c.
2, 7, 19
Let c(b) = -10*b**3 - 7*b**2 + b + 4. List the prime factors of c(-3).
2, 13
Suppose y + 15 = 28. Suppose -17*t + y*t = -176. List the prime factors of t.
2, 11
Suppose -5*d = -m + 46, -m + d + 82 = 2*m. Let r = m + 41. List the prime factors of r.
67
Let b be (3 + -33)*(-8)/20. Let w be (-6)/(-4) + (-246)/b. Let j = w + 41. What are the pri